{"id":218,"date":"2022-07-11T21:34:47","date_gmt":"2022-07-12T00:34:47","guid":{"rendered":"http:\/\/colonialcatasaltas.com\/site\/?page_id=218"},"modified":"2022-07-29T18:28:46","modified_gmt":"2022-07-29T21:28:46","slug":"condominio","status":"publish","type":"page","link":"https:\/\/colonialcatasaltas.com\/site\/condominio\/","title":{"rendered":"Condominio"},"content":{"rendered":"<p>[et_pb_section fb_built=&#8221;1&#8243; _builder_version=&#8221;4.17.3&#8243; _module_preset=&#8221;default&#8221; background_color=&#8221;rgba(43,43,43,0.19)&#8221; global_colors_info=&#8221;{}&#8221;][et_pb_row _builder_version=&#8221;4.17.3&#8243; _module_preset=&#8221;default&#8221; global_colors_info=&#8221;{}&#8221;][et_pb_column type=&#8221;4_4&#8243; _builder_version=&#8221;4.17.3&#8243; _module_preset=&#8221;default&#8221; global_colors_info=&#8221;{}&#8221;][et_pb_text _builder_version=&#8221;4.17.3&#8243; _module_preset=&#8221;default&#8221; header_text_color=&#8221;#3F0303&#8243; global_colors_info=&#8221;{}&#8221;]<\/p>\n<h1>Conhe\u00e7a nosso Condominio<\/h1>\n<p>[\/et_pb_text][\/et_pb_column][\/et_pb_row][\/et_pb_section][et_pb_section fb_built=&#8221;1&#8243; theme_builder_area=&#8221;post_content&#8221; _builder_version=&#8221;4.17.3&#8243; _module_preset=&#8221;default&#8221;][et_pb_row _builder_version=&#8221;4.17.3&#8243; _module_preset=&#8221;default&#8221; global_colors_info=&#8221;{}&#8221; theme_builder_area=&#8221;post_content&#8221;][et_pb_column type=&#8221;4_4&#8243; _builder_version=&#8221;4.17.3&#8243; _module_preset=&#8221;default&#8221; global_colors_info=&#8221;{}&#8221; theme_builder_area=&#8221;post_content&#8221;][et_pb_text _builder_version=&#8221;4.17.3&#8243; _module_preset=&#8221;default&#8221; global_colors_info=&#8221;{}&#8221; theme_builder_area=&#8221;post_content&#8221;]<\/p>\n<p>Viver na regi\u00e3o de Catas Altas \u00e9 experimentar uma vida EXUBERANTE! Sua NATUREZA FABULOSA &#8211; encabe\u00e7ada pela Serra do Cara\u00e7a, carinhosamente chamado do \u201cROSTO DO GIGANTE DEITADO\u201d; se une \u00e0 delicadeza arquitet\u00f4nica da Cidade hist\u00f3rica ao p\u00e9 dessa maravilhosa montanha, com sua Igrejinha e povoado repleto de festas tradicionais, que marcam a CULTURA PULSANTE da regi\u00e3o; O bem estar tamb\u00e9m \u00e9 proporcionado pelas cachoeiras e pelas trilhas ao redor; ou quem sabe, pela AVENTURA \u00daNICA de alimentar o Lobo-quar\u00e1 no Santu\u00e1rio do Cara\u00e7a&#8230;<\/p>\n<p>Viver a conex\u00e3o entre uma NATUREZA \u00daNICA, com CULTURA , SEGURAN\u00c7A e BEM ESTAR, \u00e9 decidir POR UM ESTILO DE VIDA EXUBERANTE, proposta principal do CONDOM\u00cdNIO FECHADO COLONIAL CATAS ALTAS, um NOVO LAN\u00c7AMENTO da TREE EMPREENDIMENTO!<br \/>Um condom\u00ednio diferenciado, trazendo uma OPORTUNIDADE \u00fanica na regi\u00e3o, para viver ou para investir!<\/p>\n<p>\u00c9 \u00fanico pela excelente localiza\u00e7\u00e3o! Est\u00e1 ao p\u00e9 da Serra do Cara\u00e7a, apenas a 4 km do centro de Catas Altas (link mapa acesso google maps).<\/p>\n<p>Escolha A MELHOR POSI\u00c7\u00c3O dentre os 241 lotes poss\u00edveis (link mapa geral), E CONTEMPLE da sua casa, no seu espa\u00e7oso quintal (lotes de no m\u00ednimo 1.000m\u00b2), a EXUBERANTE VISTA do GIGANTE ADORMECIDO (Link outra foto Serra da Cara\u00e7a de um lote)!<\/p>\n<p>Diversifique a paisagem, aproveitando vista da PRA\u00c7A DA RESERVA para ver o SOL NASCER, ou curta o lindo e buc\u00f3lico PARQUE DA LAGOA, observando as tranquilas \u00e1guas em cima de Deck, ou curtindo um encontro com amigos na estrutura de um r\u00fastico quiosque;<\/p>\n<p>Os esportistas, al\u00e9m de usufruir de um j\u00e1 famoso entorno fora do condom\u00ednio, ter\u00e3o ciclovias e pistas de caminhada , trilhas no PARQUE DA MATA e quadra de Beach t\u00eannis, em conjunto com equipamentos de exerc\u00edcio ao ar livre. Toda essa estrutura interna ao empreendimento, ser\u00e1 acompanhada de espa\u00e7o Pet e playground infantil, para fomentar toda qualidade de vida proposta.<\/p>\n<p>Espa\u00e7os mais tranquilos foram criados para uma conex\u00e3o existencial mais profunda&#8230; Com uma incr\u00edvel vista para a GIGANTE SERRA do CARA\u00c7A, temos o nosso PARQUE DA SERRA, com nossa delicada CAPELA ECUM\u00caNICA, cercada de bancos e um jardim cuidadosamente cultivado! <br \/>A natureza estar\u00e1 ainda mais conectada no bel\u00edssimo PARQUE DA NASCENTE, com um aconchegante orquid\u00e1rio, pomares e trilha at\u00e9 nascente.<\/p>\n<p>Um portaria \u00fanica de acesso duplo ser\u00e1 constru\u00edda para o projeto, cuidando da seguran\u00e7a e claro, dando as boas vindas \u00e0 quem chega&#8230;<\/p>\n<p>Infelizmente, textos e imagens jamais conseguir\u00e3o passar o real significado dessa CONEX\u00c3O, NATUREZA+CULTURA+ QUALIDADE DE VIDA, em um local t\u00e3o \u00fanico! A Tree Emprendimentos ent\u00e3o, convida voc\u00ea \u00e0 conhecer todos os detalhes uma visita ao empreendimento, para VIVENCIARMOS JUNTOS, essa CONEX\u00c3O \u00e0 NATUREZA e a CULTURA, para contemplarmos o MAJESTOSO GIGANTE DEITADO e vivenciarmos esse novo estilo de vida; UM ESTILO DE VIDA EXUBERANTE!<\/p>\n<p>[\/et_pb_text][et_pb_gallery gallery_ids=&#8221;485,486,487,488,489,490,491,492,493,494,495,496,497,498,499,500,501,502,503&#8243; posts_number=&#8221;20&#8243; show_title_and_caption=&#8221;off&#8221; show_pagination=&#8221;off&#8221; _builder_version=&#8221;4.17.3&#8243; _module_preset=&#8221;default&#8221; global_colors_info=&#8221;{}&#8221; theme_builder_area=&#8221;post_content&#8221;][\/et_pb_gallery][\/et_pb_column][\/et_pb_row][\/et_pb_section][et_pb_section fb_built=&#8221;1&#8243; fullwidth=&#8221;on&#8221; admin_label=&#8221;mapa&#8221; _builder_version=&#8221;4.17.3&#8243; _module_preset=&#8221;default&#8221; global_module=&#8221;324&#8243; global_colors_info=&#8221;{}&#8221;][et_pb_fullwidth_code _builder_version=&#8221;4.17.3&#8243; _module_preset=&#8221;default&#8221; global_colors_info=&#8221;{}&#8221;]<iframe src=\"https:\/\/www.google.com\/maps\/embed?pb=!1m18!1m12!1m3!1d3694.1835656797325!2d-43.388410799999996!3d-20.056142299999998!2m3!1f0!2f0!3f0!3m2!1i1024!2i768!4f13.1!3m3!1m2!1s0xa4450a7929867b%3A0x1e06ec913a96a508!2sColonial%20Catas%20Altas%20Condom%C3%ADnio%20Fechado!5e1!3m2!1spt-BR!2sbr!4v1657837779314!5m2!1spt-BR!2sbr\" width=\"100%\" height=\"500\" style=\"border:0;\" allowfullscreen=\"\" loading=\"lazy\" referrerpolicy=\"no-referrer-when-downgrade\"><\/iframe>[\/et_pb_fullwidth_code][\/et_pb_section][et_pb_section fb_built=&#8221;1&#8243; _builder_version=&#8221;4.17.3&#8243; _module_preset=&#8221;default&#8221; background_color=&#8221;#2B2B2B&#8221; border_width_top=&#8221;8px&#8221; border_color_top=&#8221;#DFAF26&#8243; global_colors_info=&#8221;{}&#8221; global_module=&#8221;323&#8243; theme_builder_area=&#8221;post_content&#8221;][et_pb_row column_structure=&#8221;1_3,1_3,1_3&#8243; _builder_version=&#8221;4.17.3&#8243; _module_preset=&#8221;default&#8221; global_colors_info=&#8221;{}&#8221; theme_builder_area=&#8221;post_content&#8221;][et_pb_column type=&#8221;1_3&#8243; _builder_version=&#8221;4.17.3&#8243; _module_preset=&#8221;default&#8221; global_colors_info=&#8221;{}&#8221; theme_builder_area=&#8221;post_content&#8221;][et_pb_text _builder_version=&#8221;4.17.3&#8243; _module_preset=&#8221;default&#8221; header_font=&#8221;|300|||||||&#8221; header_text_color=&#8221;#FFFFFF&#8221; header_font_size=&#8221;50px&#8221; global_colors_info=&#8221;{}&#8221; theme_builder_area=&#8221;post_content&#8221;]<\/p>\n<h1>Tele-vendas:<\/h1>\n<p>[\/et_pb_text][\/et_pb_column][et_pb_column type=&#8221;1_3&#8243; _builder_version=&#8221;4.17.3&#8243; _module_preset=&#8221;default&#8221; global_colors_info=&#8221;{}&#8221; theme_builder_area=&#8221;post_content&#8221;][et_pb_text _builder_version=&#8221;4.17.3&#8243; _module_preset=&#8221;default&#8221; header_font=&#8221;|300|||||||&#8221; header_text_color=&#8221;#FFFFFF&#8221; header_font_size=&#8221;45px&#8221; global_colors_info=&#8221;{}&#8221; theme_builder_area=&#8221;post_content&#8221;]<\/p>\n<h1><a href=\"tel:3138513596\">(31) 3851-3596<\/a><\/h1>\n<p>[\/et_pb_text][\/et_pb_column][et_pb_column type=&#8221;1_3&#8243; _builder_version=&#8221;4.17.3&#8243; _module_preset=&#8221;default&#8221; global_colors_info=&#8221;{}&#8221; theme_builder_area=&#8221;post_content&#8221;][et_pb_text _builder_version=&#8221;4.17.3&#8243; _module_preset=&#8221;default&#8221; header_font=&#8221;|300|||||||&#8221; header_text_color=&#8221;#FFFFFF&#8221; header_font_size=&#8221;45px&#8221; global_colors_info=&#8221;{}&#8221; theme_builder_area=&#8221;post_content&#8221;]<\/p>\n<h1><a href=\"https:\/\/api.whatsapp.com\/send?phone=5531991836500\" target=\"_blank\" rel=\"noopener\">(31) 99183-6500<\/a><\/h1>\n<p>[\/et_pb_text][\/et_pb_column][\/et_pb_row][\/et_pb_section]<\/p>\n","protected":false},"excerpt":{"rendered":"<p>Conhe\u00e7a nosso CondominioViver na regi\u00e3o de Catas Altas \u00e9 experimentar uma vida EXUBERANTE! Sua NATUREZA FABULOSA &#8211; encabe\u00e7ada pela Serra do Cara\u00e7a, carinhosamente chamado do \u201cROSTO DO GIGANTE DEITADO\u201d; se une \u00e0 delicadeza arquitet\u00f4nica da Cidade hist\u00f3rica ao p\u00e9 dessa maravilhosa montanha, com sua Igrejinha e povoado repleto de festas tradicionais, que marcam a CULTURA [&hellip;]<\/p>\n","protected":false},"author":2,"featured_media":0,"parent":0,"menu_order":0,"comment_status":"closed","ping_status":"closed","template":"","meta":{"_et_pb_use_builder":"on","_et_pb_old_content":"","_et_gb_content_width":"","footnotes":""},"class_list":["post-218","page","type-page","status-publish","hentry"],"_links":{"self":[{"href":"https:\/\/colonialcatasaltas.com\/site\/wp-json\/wp\/v2\/pages\/218","targetHints":{"allow":["GET"]}}],"collection":[{"href":"https:\/\/colonialcatasaltas.com\/site\/wp-json\/wp\/v2\/pages"}],"about":[{"href":"https:\/\/colonialcatasaltas.com\/site\/wp-json\/wp\/v2\/types\/page"}],"author":[{"embeddable":true,"href":"https:\/\/colonialcatasaltas.com\/site\/wp-json\/wp\/v2\/users\/2"}],"replies":[{"embeddable":true,"href":"https:\/\/colonialcatasaltas.com\/site\/wp-json\/wp\/v2\/comments?post=218"}],"version-history":[{"count":13,"href":"https:\/\/colonialcatasaltas.com\/site\/wp-json\/wp\/v2\/pages\/218\/revisions"}],"predecessor-version":[{"id":505,"href":"https:\/\/colonialcatasaltas.com\/site\/wp-json\/wp\/v2\/pages\/218\/revisions\/505"}],"wp:attachment":[{"href":"https:\/\/colonialcatasaltas.com\/site\/wp-json\/wp\/v2\/media?parent=218"}],"curies":[{"name":"wp","href":"https:\/\/api.w.org\/{rel}","templated":true}]}}